0887?
8
What is the hundred thousands digit of 377431?
3
What is the tens digit of 1786185?
8
What is the units digit of 154389?
9
What is the ten thousands digit of 814521?
1
What is the tens digit of 2199701?
0
What is the thousands digit of 2993202?
3
What is the hundreds digit of 222964?
9
What is the ten thousands digit of 14479990?
7
What is the tens digit of 3440028?
2
What is the units digit of 39494?
4
What is the thousands digit of 4569878?
9
What is the ten thousands digit of 2534352?
3
What is the hundred thousands digit of 426646?
4
What is the units digit of 734407?
7
What is the hundreds digit of 4340887?
8
What is the ten millions digit of 10192429?
1
What is the units digit of 374382?
2
What is the hundreds digit of 1001660?
6
What is the hundreds digit of 36819?
8
What is the thousands digit of 201732?
1
What is the hundreds digit of 561212?
2
What is the thousands digit of 19520495?
0
What is the thousands digit of 22465211?
5
What is the units digit of 157904?
4
What is the ten thousands digit of 1741527?
4
What is the ten thousands digit of 492740?
9
What is the units digit of 870304?
4
What is the millions digit of 27772708?
7
What is the hundred thousands digit of 17506088?
5
What is the thousands digit of 928785?
8
What is the thousands digit of 488345?
8
What is the units digit of 722972?
2
What is the thousands digit of 6423165?
3
What is the units digit of 463151?
1
What is the hundreds digit of 3119967?
9
What is the millions digit of 1265951?
1
What is the hundreds digit of 540182?
1
What is the ten thousands digit of 167579?
6
What is the hundreds digit of 681042?
0
What is the units digit of 3653797?
7
What is the hundred thousands digit of 4131860?
1
What is the hundreds digit of 12286240?
2
What is the hundred thousands digit of 368927?
3
What is the hundred thousands digit of 1051667?
0
What is the thousands digit of 186443?
6
What is the thousands digit of 347407?
7
What is the millions digit of 12700519?
2
What is the hundred thousands digit of 21976765?
9
What is the hundreds digit of 176828?
8
What is the hundreds digit of 247678?
6
What is the thousands digit of 203166?
3
What is the millions digit of 1340366?
1
What is the ten thousands digit of 12309406?
0
What is the ten thousands digit of 12735740?
3
What is the tens digit of 244305?
0
What is the hundreds digit of 98629?
6
What is the thousands digit of 17896305?
6
What is the thousands digit of 106451?
6
What is the ten thousands digit of 474025?
7
What is the millions digit of 2145430?
2
What is the tens digit of 32220067?
6
What is the ten thousands digit of 1845017?
4
What is the units digit of 2036697?
7
What is the tens digit of 10055775?
7
What is the hundred thousands digit of 1252542?
2
What is the millions digit of 3370876?
3
What is the hundreds digit of 2792875?
8
What is the hundred thousands digit of 618929?
6
What is the hundred thousands digit of 243056?
2
What is the ten thousands digit of 1684986?
8
What is the units digit of 5781?
1
What is the tens digit of 290384?
8
What is the units digit of 8716642?
2
What is the hundred thousands digit of 235747?
2
What is the thousands digit of 8561592?
1
What is the hundreds digit of 8053342?
3
What is the tens digit of 1583171?
7
What is the hundreds digit of 10482782?
7
What is the millions digit of 3938759?
3
What is the tens digit of 3899149?
4
What is the tens digit of 30079505?
0
What is the ten thousands digit of 10140?
1
What is the ten thousands digit of 1647201?
4
What is the thousands digit of 145767?
5
What is the ten thousands digit of 1485726?
8
What is the thousands digit of 1902664?
2
What is the tens digit of 1992004?
0
What is the thousands digit of 504808?
4
What is the tens digit of 947804?
0
What is the ten thousands digit of 159033?
5
What is the hundred thousands digit of 2375732?
3
What is the units digit of 423627?
7
What is the thousands digit of 566374?
6
What is the ten thousands digit of 829225?
2
What is the hundred thousands digit of 976442?
9
What is the thousands digit of 148763?
8
What is the hundred thousands digit of 42984456?
9
What is the hundred thousands digit of 776463?
7
What is the ten thousands digit of 652754?
5
What is the units digit of 1405466?
6
What is the hundreds digit of 11837271?
2
What is the units digit of 164956?
6
What is the units digit of 219310?
0
What is the hundreds digit of 560354?
3
What is the ten thousands digit of 8211988?
1
What is the thousands digit of 420002?
0
What is the thousands digit of 21077?
1
What is the thousands digit of 1127576?
7
What is the hundred thousands digit of 170889?
1
What is the ten thousands digit of 299886?
9
What is the hundreds digit of 16864464?
4
What is the units digit of 293347?
7
What is the hundreds digit of 466254?
2
What is the hundreds digit of 5218574?
5
What is the hundreds digit of 1834974?
9
What is the units digit of 242964?
4
What is the hundred thousands digit of 5754175?
7
What is the hundreds digit of 60788?
7
What is the ten thousands digit of 493630?
9
What is the thousands digit of 2421014?
1
What is the millions digit of 4862140?
4
What is the units digit of 806520?
0
What is the hundred thousands digit of 359275?
3
What is the hundred thousands digit of 3577646?
5
What is the ten thousands digit of 20041?
2
What is the tens digit of 3729528?
2
What is the tens digit of 142151?
5
What is the units digit of 6938527?
7
What is the units digit of 573233?
3
What is the tens digit of 12546031?
3
What is the millions digit of 3578898?
3
What is the hundred thousands digit of 1359592?
3
What is the millions digit of 3711110?
3
What is the units digit of 256747?
7
What is the units digit of 1370647?
7
What is the tens digit of 1610223?
2
What is the units digit of 909195?
5
What is the millions digit of 5012264?
5
What is the units digit of 8050?
0
What is the thousands digit of 6349?
6
What is the millions digit of 1608336?
1
What is the units digit of 267666?
6
What is the hundred thousands digit of 1332703?
3
What is the ten thousands digit of 94269?
9
What is the tens digit of 207736?
3
What is the thousands digit of 44539?
4
What is the millions digit of 1374384?
1
What is the thousands digit of 5529433?
9
What is the millions digit of 1487218?
1
What is the hundred thousands digit of 1169643?
1
What is the hundreds digit of 4443301?
3
What is the ten thousands digit of 217857?
1
What is the units digit of 2453673?
3
What is the units digit of 10391946?
6
What is the tens digit of 1250962?
6
What is the millions digit of 7479432?
7
What is the millions digit of 13114035?
3
What is the hundreds digit of 198236?
2
What is the hundreds digit of 176509?
5
What is the ten thousands digit of 13511543?
1
What is the thousands digit of 1973336?
3
What is the thousands digit of 3030710?
0
What is the thousands digit of 1229893?
9
What is the hundred thousands digit of 5809985?
8
What is the units digit of 2009805?
5
What is the hundred thousands digit of 146700?
1
What is the units digit of 419544?
4
What is the tens digit of 740338?
3
What is the tens digit of 838559?
5
What is the units digit of 18703?
3
What is the hundreds digit of 59163?
1
What is the hundreds digit of 70903?
9
What is the units digit of 5494819?
9
What is the hundreds digit of 14021085?
0
What is the tens digit of 34762618?
1
What is the units digit of 412229?
9
What is the hundreds digit of 2069463?
4
What is the units digit of 148476?
6
What is the hundreds digit of 87159?
1
What is the units digit of 2074778?
8
What is the thousands digit of 171111?
1
What is the millions digit of 9018767?
9
What is the tens digit of 87591?
9
What is the hundreds digit of 17625072?
0
What is the units digit of 2405397?
7
What is the thousands digit of 14900396?
0
What is the thousands digit of 20846074?
6
What is the tens digit of 1101928?
2
What is the ten millions digit of 10710239?
1
What is the hundreds digit of 397463?
4
What is the hundreds digit of 385146?
1
What is the tens digit of 3593875?
7
What is the hundred thousands digit of 3907054?
9
What is the tens digit of 4231?
3
What is the hundreds digit of 23402508?
5
What is the ten thousands digit of 1884265?
8
What is the units digit of 236597?
7
What is the hu